 w be (4/(-14) - 2/g) + 34. Let p = 50 - 33. What is the greatest common factor of p and w?
17
Suppose 71 = l - 5*b + 3, 2*l - 136 = 5*b. Let m = l - -16. What is the greatest common factor of m and 210?
42
Suppose -4*d - 13 = 3. Let o be 6384/189 - d/18. Calculate the greatest common factor of 17 and o.
17
Let g be (-5 + 4)*1 - 1076/(-2). Suppose -g - 893 = -10*b. Suppose 0 = 4*s + 1 - 53. Calculate the highest common divisor of s and b.
13
Let l(w) = -w**3 - 17*w**2 + w + 13. Let p be l(-17). Let u be p/18 + (-1480)/(-180). Calculate the greatest common divisor of u and 4.
4
Let o(w) = 136*w - 238. Let m be o(4). What is the highest common factor of m and 72?
18
Let g = -107 - -169. Let k = g + -42. What is the greatest common divisor of 140 and k?
20
Suppose 4*d + 47 = -17. Let s be (2 + 20/(-4))*d/3. Calculate the highest common factor of 4 and s.
4
Let p(j) = 6*j**3 - 10*j**2 - 3*j + 10. Let h be p(5). Calculate the greatest common factor of h and 1815.
165
Suppose 0 = 26*r + 3*r - 841. Let i be ((-6)/4)/((-1)/58). Calculate the highest common factor of r and i.
29
Let x be 6/21 + 5/7. Let v be (-3 - -1)*(-1)/x. Let l be (3 + -7 + 2)*1 + 4. What is the greatest common factor of l and v?
2
Suppose 2*f = -0*f + 24. Suppose 2*d - 3*d - 2*s - f = 0, -4*d + 3*s - 26 = 0. Let l be (11 - 1) + (-4 - d). What is the greatest common factor of 70 and l?
14
Suppose -t = 16 - 46. Let w = -14 - -24. What is the highest common factor of w and t?
10
Let h(x) = 12*x**2 - 52*x - 22. Let b be h(-6). Calculate the highest common divisor of 38 and b.
38
Let p = -966 + 636. Let v be (-11)/(p/(-4)) + 632/15. What is the greatest common divisor of 18 and v?
6
Let t = -35 + 44. What is the greatest common divisor of 21 and t?
3
Let j(o) = 5*o - 23. Let b be j(12). Let c = -36 + b. Calculate the greatest common divisor of 17 and c.
1
Suppose -150 = -4*o - o. Let i = -29 + 19. Let x(h) = h + 20. Let z be x(i). Calculate the highest common divisor of o and z.
10
Let s(x) = -x**3 + 17*x**2 + 6*x. Let a be s(-7). Calculate the greatest common factor of 14 and a.
14
Let o(x) = x**2 + 9*x - 3. Let j be o(6). Suppose -3*d = 3*a - j, -33 + 110 = 3*a - 2*d. Let s = 2886 - 2589. What is the greatest common factor of a and s?
27
Let t be (-5)/10*(-16 - 2). Let m(g) = 5*g**2 + 50*g + 9. Let z be m(-10). What is the greatest common factor of z and t?
9
Let n be (-9)/(-12)*64/24. Suppose -n*u = -7*u + 75. What is the greatest common divisor of u and 5?
5
Let f = 26 + -26. Suppose f = 5*j + 4*z - 9, -z + 36 = 4*j - 5*z. Suppose -2*r - 18 = -m - j*r, -5*m + 52 = -4*r. What is the greatest common factor of m and 4?
4
Suppose 0 = -5*o + 3*i + 7438 - 2854, 2*i + 2750 = 3*o. What is the highest common factor of 54 and o?
54
Let v be ((-5)/(20/2))/((-6)/36). What is the greatest common divisor of v and 87?
3
Let t(l) = -l**3 - 16*l**2 + 6*l + 1. Let k be t(-17). Calculate the highest common divisor of 47 and k.
47
Suppose -18*m + 14469 = -5*m. Calculate the greatest common factor of 21 and m.
21
Let w be (9/27 - -5)/((-2)/(-66)). What is the highest common divisor of w and 132?
44
Let j(o) = -o**2 + 5*o + 19. Let a be j(6). Let u = -15 + 41. Calculate the greatest common divisor of u and a.
13
Suppose 4*a + 0*a - 24 = 0. Suppose 2*x - 5*s + 1 = a, 3*x = -3*s - 3. Suppose 4*o + x*o - 12 = 0. Calculate the greatest common factor of o and 24.
3
Suppose -44*u + 226 = -42*u. Calculate the highest common divisor of u and 3277.
113
Let o(z) = -z**2 - 3*z + 42. Let p be o(5). Suppose -3*v + 24 = 3*n, v = -0*v + n - p. Calculate the highest common factor of 3 and v.
3
Suppose 0 = -5*l + 2*y + 157, l + 5*y = -0*y + 53. What is the greatest common factor of l and 3?
3
Let u = 30 - 26. Suppose u*y - 17 = m, -9 - 5 = -3*m - y. What is the greatest common factor of m and 60?
3
Let x be 147/(-6)*4*(-2)/1. Calculate the highest common factor of x and 8.
4
Let o be 9/6 + 7/2 - -62. Calculate the highest common factor of 1 and o.
1
Suppose -3*f = -0*f - 66. Suppose 8*d + 33 = 9*d. What is the greatest common divisor of d and f?
11
Suppose 4*k - u = 836, -k = 2*u - 96 - 104. Calculate the highest common factor of k and 13.
13
Let x(c) = 4*c**2 - c. Let z be x(-2). Let h = -2028 + 2030. Calculate the greatest common factor of h and z.
2
Let f(n) = -n**3 - 5*n**2 - n + 2. Let y be f(-6). What is the greatest common divisor of 748 and y?
44
Let w(f) = -f**2 + 6*f + 3. Let h be w(6). Let m be 8/(-24) - (-298)/h. What is the greatest common factor of 9 and m?
9
Let u be (-34)/12 + (5 - -2)/(-42). Let j = u + 11. Calculate the greatest common factor of 8 and j.
8
Suppose 30*p - 13*p = 102. Suppose -z + p*z - b - 634 = 0, 0 = -z + 3*b + 138. Suppose 4*a - 63 = a. Calculate the greatest common divisor of a and z.
21
Let b = -2 - -7. Suppose 0 = 2*c - b*c + 3*v + 117, 12 = -4*v. Calculate the highest common factor of c and 27.
9
Suppose -6*d - 24*d = -1680. Calculate the greatest common factor of 64 and d.
8
Suppose v + 0*v = -u + 15, -4*v + u = -50. What is the highest common divisor of v and 312?
13
Let u = 15 + 67. Suppose -c + 5*f = -u, -3*c + 218 = -f - 0*f. Calculate the greatest common factor of 9 and c.
9
Let i(g) = 75*g - 25. Let k be i(4). Suppose -3*m - 600 = -9*m. Suppose 4*t - f = m, -2*t + 50 = -0*t + 4*f. Calculate the highest common factor of t and k.
25
Suppose 0 = 2*v - f - 119, 2*f = -2*f + 4. Suppose b = 5*b - 60. Let m = b + -3. What is the greatest common divisor of m and v?
12
Let l(m) = 7*m**2 - 76*m + 1. Let a be l(11). Calculate the highest common divisor of a and 54.
6
Let y = -19 - -49. Suppose -2*w = -2*u - w - 1, 0 = u - w. Let i be 4 + u + 0 + 267. Calculate the greatest common divisor of y and i.
30
Let y = -203 - -241. Calculate the greatest common factor of y and 57.
19
Let m(t) = -t**3 - 2*t**2 + 17*t + 2. Let c be m(-5). Let v = 14 + c. What is the greatest common divisor of v and 36?
6
Let f be 32/144 + 9484/9. Calculate the highest common divisor of 68 and f.
34
Let d be (96/(-40))/(-4) - (-714)/10. What is the greatest common divisor of d and 600?
24
Let h(p) = -250*p**3 + p**2 + 3*p + 2. Let z be h(-2). Suppose -14*n = -24*n + z. Calculate the greatest common divisor of n and 80.
40
Let d = -80 - -148. Let n = -44 + d. What is the highest common factor of 12 and n?
12
Suppose 0*x = -4*x - 16. Let u be x/(-1)*10/4. What is the highest common divisor of u and 5?
5
Suppose 3*j + 8 = -5*p, 2*j = -3*p - 0*j - 5. Let m be (-1 - (-2 + -11))*p/(-2). What is the highest common factor of 24 and m?
6
Suppose -216*n = -236*n + 1460. Calculate the highest common divisor of n and 1387.
73
Suppose -4*m - 8 = 0, -5*n - 5*m + 0 = -10. Let v be 28/4 + (-3 - -1). Let q = v + n. What is the greatest common divisor of 81 and q?
9
Suppose 0 = -5*z - 4*o + 275, -3*z + 2*o = o - 182. Let r = z - 39. Calculate the greatest common divisor of r and 4.
4
Suppose t = 3*t - 126. Suppose -4*b - 21 = 5*q, -4*q = -5*b + 33 - 8. Let j = q + 14. What is the highest common divisor of t and j?
9
Suppose 2674 - 650 = 23*m. Suppose g + g + f + 3 = 0, 0 = g - 2*f - 1. Let v be -1 - g - (2 + -10). Calculate the greatest common factor of v and m.
8
Suppose 2*o - 2*y - 3 + 9 = 0, -3*o + y = 11. Let l be 1/2 + (o - 330/(-12)). Calculate the greatest common divisor of 16 and l.
8
Let c be (-84)/(-1 - (0 - 0)). Suppose -y = y - c. What is the highest common divisor of 28 and y?
14
Suppose 10*f = 2937 - 1977. Calculate the highest common divisor of 912 and f.
48
Let w = 114 + -94. What is the highest common factor of 40 and w?
20
Let m(b) = b**3 + 14*b**2 - b - 7. Let w be m(-14). What is the highest common factor of 427 and w?
7
Let m be (-1)/(-3) + (-8)/48*-148. What is the greatest common factor of m and 225?
25
Let x be 2020/24 - 2/12. Suppose 3*s = x + 444. What is the highest common factor of s and 22?
22
Suppose 0 = 24*z + 3*z - 567. Calculate the highest common factor of z and 112.
7
Let i = -59 - -111. What is the highest common divisor of i and 4?
4
Let g(c) = -c**3 + 5*c**2 + 4. Suppose -3 = 2*q - 7. Let z be (q - -4)/((-9)/(-6)). Let u be g(z). Calculate the greatest common divisor of 20 and u.
20
Let g = -999 - -1065. What is the greatest common divisor of 18 and g?
6
Suppose 2*f + 5*x - 1 = 0, 4*x + 